{"version":"1.0","provider_name":"Revista km77","provider_url":"https:\/\/www.km77.com\/revista","title":"Presentaci\u00f3n en Berl\u00edn del Volkswagen Passat 2015 - Revista km77","type":"rich","width":600,"height":338,"html":"<blockquote class=\"wp-embedded-content\" data-secret=\"9FgwJurs0G\"><a href=\"https:\/\/www.km77.com\/revista\/teletransporte\/presentacion-berlin-volkswagen-passat\/\">Presentaci\u00f3n en Berl\u00edn del Volkswagen Passat 2015<\/a><\/blockquote><iframe sandbox=\"allow-scripts\" security=\"restricted\" src=\"https:\/\/www.km77.com\/revista\/teletransporte\/presentacion-berlin-volkswagen-passat\/embed\/#?secret=9FgwJurs0G\" width=\"600\" height=\"338\" title=\"\u00abPresentaci\u00f3n en Berl\u00edn del Volkswagen Passat 2015\u00bb \u2014 Revista km77\" data-secret=\"9FgwJurs0G\" frameborder=\"0\" marginwidth=\"0\" marginheight=\"0\" scrolling=\"no\" class=\"wp-embedded-content\"><\/iframe><script type=\"text\/javascript\">\n\/* <![CDATA[ *\/\n\/*! This file is auto-generated *\/\n!function(d,l){\"use strict\";l.querySelector&&d.addEventListener&&\"undefined\"!=typeof URL&&(d.wp=d.wp||{},d.wp.receiveEmbedMessage||(d.wp.receiveEmbedMessage=function(e){var t=e.data;if((t||t.secret||t.message||t.value)&&!\/[^a-zA-Z0-9]\/.test(t.secret)){for(var s,r,n,a=l.querySelectorAll('iframe[data-secret=\"'+t.secret+'\"]'),o=l.querySelectorAll('blockquote[data-secret=\"'+t.secret+'\"]'),c=new RegExp(\"^https?:$\",\"i\"),i=0;i<o.length;i++)o[i].style.display=\"none\";for(i=0;i<a.length;i++)s=a[i],e.source===s.contentWindow&&(s.removeAttribute(\"style\"),\"height\"===t.message?(1e3<(r=parseInt(t.value,10))?r=1e3:~~r<200&&(r=200),s.height=r):\"link\"===t.message&&(r=new URL(s.getAttribute(\"src\")),n=new URL(t.value),c.test(n.protocol))&&n.host===r.host&&l.activeElement===s&&(d.top.location.href=t.value))}},d.addEventListener(\"message\",d.wp.receiveEmbedMessage,!1),l.addEventListener(\"DOMContentLoaded\",function(){for(var e,t,s=l.querySelectorAll(\"iframe.wp-embedded-content\"),r=0;r<s.length;r++)(t=(e=s[r]).getAttribute(\"data-secret\"))||(t=Math.random().toString(36).substring(2,12),e.src+=\"#?secret=\"+t,e.setAttribute(\"data-secret\",t)),e.contentWindow.postMessage({message:\"ready\",secret:t},\"*\")},!1)))}(window,document);\n\/\/# sourceURL=https:\/\/www.km77.com\/revista\/wp-includes\/js\/wp-embed.min.js\n\/* ]]> *\/\n<\/script>\n","description":"La octava generaci\u00f3n del Volkswagen Passat llega a los concesionarios espa\u00f1oles el pr\u00f3ximo mes de noviembre de 2014. Cinco meses antes, a principios de julio, Volkswagen lo ha mostrado por primera vez. Ha sido en Potsdam, cerca de Berl\u00edn, donde est\u00e1 radicado uno de sus centros de dise\u00f1o. Les muestro fotos de esa presentaci\u00f3n, del [&hellip;]","thumbnail_url":"https:\/\/www.km77.com\/revista\/wp-content\/files\/2014\/07\/010-volkswagen-passat-2015-presentacion.jpg"}

Presentación en Berlín del Volkswagen Passat 2015 - Revista km77

<blockquote class="wp-embedded-content" data-secret="9FgwJurs0G"><a href="https://www.km77.com/revista/teletransporte/presentacion-berlin-volkswagen-passat/">Presentación en Berlín del Volkswagen Passat 2015</a></blockquote><iframe sandbox="allow-scripts" security="restricted" src="https://www.km77.com/revista/teletransporte/presentacion-berlin-volkswagen-passat/embed/#?secret=9FgwJurs0G" width="600" height="338" title="«Presentación en Berlín del Volkswagen Passat 2015» — Revista km77" data-secret="9FgwJurs0G" frameborder="0" marginwidth="0" marginheight="0" scrolling="no" class="wp-embedded-content"></iframe><script type="text/javascript">
/* <![CDATA[ */
/*! This file is auto-generated */
!function(d,l){"use strict";l.querySelector&&d.addEventListener&&"undefined"!=typeof URL&&(d.wp=d.wp||{},d.wp.receiveEmbedMessage||(d.wp.receiveEmbedMessage=function(e){var t=e.data;if((t||t.secret||t.message||t.value)&&!/[^a-zA-Z0-9]/.test(t.secret)){for(var s,r,n,a=l.querySelectorAll('iframe[data-secret="'+t.secret+'"]'),o=l.querySelectorAll('blockquote[data-secret="'+t.secret+'"]'),c=new RegExp("^https?:$","i"),i=0;i<o.length;i++)o[i].style.display="none";for(i=0;i<a.length;i++)s=a[i],e.source===s.contentWindow&&(s.removeAttribute("style"),"height"===t.message?(1e3<(r=parseInt(t.value,10))?r=1e3:~~r<200&&(r=200),s.height=r):"link"===t.message&&(r=new URL(s.getAttribute("src")),n=new URL(t.value),c.test(n.protocol))&&n.host===r.host&&l.activeElement===s&&(d.top.location.href=t.value))}},d.addEventListener("message",d.wp.receiveEmbedMessage,!1),l.addEventListener("DOMContentLoaded",function(){for(var e,t,s=l.querySelectorAll("iframe.wp-embedded-content"),r=0;r<s.length;r++)(t=(e=s[r]).getAttribute("data-secret"))||(t=Math.random().toString(36).substring(2,12),e.src+="#?secret="+t,e.setAttribute("data-secret",t)),e.contentWindow.postMessage({message:"ready",secret:t},"*")},!1)))}(window,document);
//# sourceURL=https://www.km77.com/revista/wp-includes/js/wp-embed.min.js
/* ]]> */
</script>

La octava generación del Volkswagen Passat llega a los concesionarios españoles el próximo mes de noviembre de 2014. Cinco meses antes, a principios de julio, Volkswagen lo ha mostrado por primera vez. Ha sido en Potsdam, cerca de Berlín, donde está radicado uno de sus centros de diseño. Les muestro fotos de esa presentación, del [&hellip;]
